prime factors of 1617831.
3, 19, 9461
List the prime factors of 2896631.
2896631
List the prime factors of 9064495.
5, 11, 164809
List the prime factors of 12768178.
2, 29, 220141
What are the prime factors of 73287?
3, 17, 479
What are the prime factors of 1913204?
2, 61, 7841
What are the prime factors of 6339238?
2, 103, 30773
What are the prime factors of 276990?
2, 3, 5, 7, 1319
List the prime factors of 3397146.
2, 3, 23, 103, 239
What are the prime factors of 637089?
3, 19, 11177
List the prime factors of 13780158.
2, 3, 7, 59, 67, 83
List the prime factors of 2963552.
2, 37, 2503
List the prime factors of 2188655.
5, 7, 62533
List the prime factors of 664792.
2, 23, 3613
List the prime factors of 2530015.
5, 107, 4729
What are the prime factors of 20594462?
2, 7, 1471033
What are the prime factors of 16594598?
2, 151, 54949
What are the prime factors of 106943?
229, 467
List the prime factors of 1608819.
3, 536273
List the prime factors of 1101868.
2, 47, 5861
List the prime factors of 8977462.
2, 13, 17, 19, 1069
What are the prime factors of 19435983?
3, 7, 925523
What are the prime factors of 218420?
2, 5, 67, 163
What are the prime factors of 2035189?
13, 17, 9209
What are the prime factors of 27831257?
19, 101, 14503
What are the prime factors of 67684?
2, 16921
What are the prime factors of 34009259?
19, 43, 41627
List the prime factors of 2986584.
2, 3, 107, 1163
What are the prime factors of 1868904?
2, 3, 101, 257
List the prime factors of 3932597.
41, 95917
What are the prime factors of 216696?
2, 3, 9029
What are the prime factors of 4845734?
2, 31, 78157
What are the prime factors of 8249201?
131, 62971
What are the prime factors of 656212?
2, 29, 5657
What are the prime factors of 356695?
5, 71339
List the prime factors of 3155607.
3, 7, 13, 3853
List the prime factors of 224990.
2, 5, 149, 151
What are the prime factors of 294034?
2, 13, 43, 263
What are the prime factors of 34399588?
2, 8599897
List the prime factors of 161187.
3, 13, 4133
What are the prime factors of 1077830?
2, 5, 13, 8291
What are the prime factors of 3551806?
2, 1775903
List the prime factors of 5626627.
37, 241, 631
What are the prime factors of 2550842?
2, 7, 26029
List the prime factors of 14120198.
2, 827, 8537
List the prime factors of 22511468.
2, 7, 17, 47293
List the prime factors of 17665304.
2, 101, 21863
What are the prime factors of 316118?
2, 11, 14369
What are the prime factors of 455597?
455597
What are the prime factors of 4268460?
2, 3, 5, 7, 10163
What are the prime factors of 18921537?
3, 67, 31379
List the prime factors of 1053774.
2, 3, 58543
What are the prime factors of 460055?
5, 101, 911
What are the prime factors of 35074304?
2, 19, 7211
List the prime factors of 15849.
3, 587
List the prime factors of 832794.
2, 3, 138799
List the prime factors of 1046467.
31, 33757
List the prime factors of 34376199.
3, 11, 13, 227, 353
What are the prime factors of 98243?
17, 5779
What are the prime factors of 4604927?
4604927
List the prime factors of 1969673.
19, 83, 1249
What are the prime factors of 62020?
2, 5, 7, 443
What are the prime factors of 3505992?
2, 3, 7, 41, 509
What are the prime factors of 1082662?
2, 7, 17, 4549
List the prime factors of 1537890.
2, 3, 5, 51263
List the prime factors of 425122.
2, 212561
List the prime factors of 199033.
199033
What are the prime factors of 13198995?
3, 5, 293311
What are the prime factors of 1545553?
1545553
What are the prime factors of 18717065?
5, 1663, 2251
What are the prime factors of 11245178?
2, 7, 803227
List the prime factors of 8358806.
2, 4179403
List the prime factors of 359284.
2, 89821
List the prime factors of 185259.
3, 37, 1669
What are the prime factors of 542432?
2, 11, 23, 67
List the prime factors of 27252161.
223, 122207
What are the prime factors of 1178601?
3, 79, 4973
What are the prime factors of 1943343?
3, 215927
List the prime factors of 2114901.
3, 234989
List the prime factors of 138833.
19, 7307
What are the prime factors of 83542?
2, 41771
What are the prime factors of 2466628?
2, 283, 2179
What are the prime factors of 54365?
5, 83, 131
List the prime factors of 68379.
3, 23, 991
What are the prime factors of 19251780?
2, 3, 5, 67, 4789
List the prime factors of 641025.
3, 5, 7, 11, 37
List the prime factors of 2832693.
3, 17, 67, 829
What are the prime factors of 1154797?
7, 199, 829
List the prime factors of 21752.
2, 2719
What are the prime factors of 2773162?
2, 7, 198083
List the prime factors of 1504905.
3, 5, 41, 2447
What are the prime factors of 337923?
3, 37547
List the prime factors of 3849693.
3, 227, 5653
What are the prime factors of 587186?
2, 61, 4813
What are the prime factors of 1276881?
3, 157, 2711
What are the prime factors of 923671?
7, 127, 1039
What are the prime factors of 1472087?
47, 31321
List the prime factors of 3270429.
3, 59, 2053
List the prime factors of 2017128.
2, 3, 84047
What are the prime factors of 948861?
3, 113, 311
List the prime factors of 7812706.
2, 11, 379, 937
What are the prime factors of 3352592?
2, 317, 661
What are the prime factors of 379482?
2, 3, 63247
What are the prime factors of 287538?
2, 3, 17, 2819
List the prime factors of 2581923.
3, 860641
List the prime factors of 37595.
5, 73, 103
What are the prime factors of 930674?
2, 465337
List the prime factors of 2886880.
2, 5, 18043
What are the prime factors of 3317235?
3, 5, 37, 43, 139
What are the prime factors of 5484365?
5, 31, 41, 863
What are the prime factors of 373262?
2, 193, 967
List the prime factors of 541907.
83, 6529
What are the prime factors of 1583658?
2, 3, 29327
List the prime factors of 502660.
2, 5, 41, 613
List the prime factors of 655804.
2, 19, 8629
List the prime factors of 18968327.
7, 19, 142619
List the prime factors of 767387.
53, 14479
List the prime factors of 198693.
3, 11, 223
List the prime factors of 188102.
2, 163, 577
What are the prime factors of 20495140?
2, 5, 1024757
List the prime factors of 505314.
2, 3, 67, 419
What are the prime factors of 1478879?
197, 7507
List the prime factors of 488724.
2, 3, 139, 293
List the prime factors of 13495296.
2, 3, 23, 191
List the prime factors of 156954.
2, 3, 7, 37, 101
What are the prime factors of 11132556?
2, 3, 19, 157, 311
What are the prime factors of 14672344?
2, 23, 3467
What are the prime factors of 516168?
2, 3, 67, 107
List the prime factors of 461067.
3, 153689
What are the prime factors of 12290648?
2, 23, 66797
What are the prime factors of 339291?
3, 37699
What are the prime factors of 895502?
2, 59, 7589
What are the prime factors of 831437?
831437
What are the prime factors of 117251?
117251
What are the prime factors of 11082064?
2, 7, 98947
List the prime factors of 3897378.
2, 3, 41, 5281
List the prime factors of 14436395.
5, 2887279
What are the prime factors of 8119544?
2, 577, 1759
List the prime factors of 623593.
71, 8783
List the prime factors of 3691644.
2, 3, 11, 27967
What are the prime factors of 678131?
461, 1471
List the prime factors of 3866942.
2, 1933471
List the prime factors of 5791736.
2, 723967
What are the prime factors of 271402?
2, 135701
List the prime factors of 4041877.
7, 79, 7309
List the prime factors of 1155251.
37, 31223
List the prime factors of 12695580.
2, 3, 5, 251, 281
What are the prime factors of 1602837?
3, 178093
What are the prime factors of 12173770?
2, 5, 7, 61, 2851
List the prime factors of 12242260.
2, 5, 612113
What are the prime factors of 550233?
3, 6793
What are the prime factors of 28578480?
2, 3, 5, 7, 17011
What are the prime factors of 830021?
37, 22433
List the prime factors of 8438955.
3, 5, 7, 179, 449
List the prime factors of 1240051.
73, 16987
List the prime factors of 166875.
3, 5, 89
What are the prime factors of 6787395?
3, 5, 16759
List the prime factors of 44383.
44383
List the prime factors of 3926274.
2, 3, 11, 19, 31, 101
What are the prime factors of 6113393?
11, 13, 42751
What are the prime factors of 13627927?
13627927
What are the prime factors of 750608?
2, 43, 1091
List the prime factors of 20784.
2, 3, 433
List the prime factors of 420175.
5, 7
What are the prime factors of 198345?
3, 5, 7, 1889
List the prime factors of 249698.
2, 19, 6571
What are the prime facto